{"id":242,"date":"2019-06-06T19:44:04","date_gmt":"2019-06-06T17:44:04","guid":{"rendered":"http:\/\/rugbybwest.be\/?page_id=242"},"modified":"2025-10-23T17:43:28","modified_gmt":"2025-10-23T15:43:28","slug":"ladies","status":"publish","type":"page","link":"https:\/\/rugbybwest.be\/index.php\/categories\/ladies\/","title":{"rendered":"Ladies"},"content":{"rendered":"\t\t<div data-elementor-type=\"wp-post\" data-elementor-id=\"242\" class=\"elementor elementor-242\">\n\t\t\t\t\t\t<section class=\"elementor-section elementor-top-section elementor-element elementor-element-23ba46b1 elementor-section-full_width elementor-section-content-middle elementor-section-height-default elementor-section-height-default\" data-id=\"23ba46b1\" data-element_type=\"section\">\n\t\t\t\t\t\t<div class=\"elementor-container elementor-column-gap-default\">\n\t\t\t\t\t<div class=\"elementor-column elementor-col-100 elementor-top-column elementor-element elementor-element-58ed732a\" data-id=\"58ed732a\" data-element_type=\"column\">\n\t\t\t<div class=\"elementor-widget-wrap elementor-element-populated\">\n\t\t\t\t\t\t<div class=\"elementor-element elementor-element-10ff10c1 elementor-widget elementor-widget-text-editor\" data-id=\"10ff10c1\" data-element_type=\"widget\" data-widget_type=\"text-editor.default\">\n\t\t\t\t<div class=\"elementor-widget-container\">\n\t\t\t\t\t\t\t<p><!-- wp:paragraph --><\/p>\n<h6>Apr\u00e8s 3 saisons compliqu\u00e9es, un nouvel \u00e9lan a \u00e9t\u00e9 initi\u00e9 par quelques anciennes joueuses du club pour recr\u00e9er l&rsquo;\u00e9quipe Ladies.<\/h6>\n<h6>Les entra\u00eenements des Ladies sont donn\u00e9s de mani\u00e8re commune avec les U14 &amp; U16 pour le moment et ont lieu les mercredis et les vendredis de 18h30 \u00e0 20h00.\u00a0<\/h6>\n<h6>Pour cette cat\u00e9gories aussi, nous sommes \u00e0 la recherche de joueuses motiv\u00e9es. Vous \u00eates d&rsquo;ailleurs toutes les bienvenues pour d\u00e9couvrir notre sport et participer gratuitement \u00e0 nos entra\u00eenements pendant un mois.<\/h6>\n<h6><span style=\"font-size: 0.833333rem; font-weight: normal;\">\n<table id=\"tablepress-6\" class=\"tablepress tablepress-id-6\">\n<thead>\n<tr class=\"row-1\">\n\t<th class=\"column-1\">Fonction<\/th><th class=\"column-2\">Coordonn\u00e9es<\/th>\n<\/tr>\n<\/thead>\n<tbody class=\"row-striping row-hover\">\n<tr class=\"row-2\">\n\t<td class=\"column-1\">Manager<\/td><td class=\"column-2\"><a href=\"mailto:\/\/manager-u14@rugbybwest.be\">manager-u14@rugbybwest.be<\/a><\/td>\n<\/tr>\n<tr class=\"row-3\">\n\t<td class=\"column-1\">Coach<\/td><td class=\"column-2\">Julien MENGEOT \u00ab\u00a0Prune\u00a0\u00bb (T1)<br \/>\nPierre BARBIER \u00ab\u00a0Croll\u00a0\u00bb<br \/>\nJean SCHEERENS<br \/>\nGauthier PETIT (Skills)<br \/>\n<a href=\"mailto:\/\/coach-u14@rugbybwest.be\">coach-u14@rugbybwest.be<\/a><\/td>\n<\/tr>\n<\/tbody>\n<\/table>\n<!-- #tablepress-6 from cache --><\/span><\/h6>\t\t\t\t\t\t<\/div>\n\t\t\t\t<\/div>\n\t\t\t\t\t<\/div>\n\t\t<\/div>\n\t\t\t\t\t<\/div>\n\t\t<\/section>\n\t\t\t\t<\/div>\n\t\t","protected":false},"excerpt":{"rendered":"<p>Apr\u00e8s 3 saisons compliqu\u00e9es, un nouvel \u00e9lan a \u00e9t\u00e9 initi\u00e9 par quelques anciennes joueuses du club pour recr\u00e9er l&rsquo;\u00e9quipe Ladies. Les entra\u00eenements des Ladies sont donn\u00e9s de mani\u00e8re commune avec [&hellip;]<\/p>\n","protected":false},"author":1,"featured_media":0,"parent":11,"menu_order":5,"comment_status":"closed","ping_status":"closed","template":"","meta":{"_seopress_robots_primary_cat":"","_seopress_titles_title":"","_seopress_titles_desc":"","_seopress_robots_index":"","site-sidebar-layout":"no-sidebar","site-content-layout":"boxed-container","ast-site-content-layout":"normal-width-container","site-content-style":"boxed","site-sidebar-style":"boxed","ast-global-header-display":"","ast-banner-title-visibility":"","ast-main-header-display":"","ast-hfb-above-header-display":"","ast-hfb-below-header-display":"","ast-hfb-mobile-header-display":"","site-post-title":"","ast-breadcrumbs-content":"","ast-featured-img":"","footer-sml-layout":"","theme-transparent-header-meta":"default","adv-header-id-meta":"","stick-header-meta":"","header-above-stick-meta":"","header-main-stick-meta":"","header-below-stick-meta":"","astra-migrate-meta-layouts":"set","ast-page-background-enabled":"default","ast-page-background-meta":{"desktop":{"background-color":"var(--ast-global-color-4)","background-image":"","background-repeat":"repeat","background-position":"center center","background-size":"auto","background-attachment":"scroll","background-type":"","background-media":"","overlay-type":"","overlay-color":"","overlay-opacity":"","overlay-gradient":""},"tablet":{"background-color":"","background-image":"","background-repeat":"repeat","background-position":"center center","background-size":"auto","background-attachment":"scroll","background-type":"","background-media":"","overlay-type":"","overlay-color":"","overlay-opacity":"","overlay-gradient":""},"mobile":{"background-color":"","background-image":"","background-repeat":"repeat","background-position":"center center","background-size":"auto","background-attachment":"scroll","background-type":"","background-media":"","overlay-type":"","overlay-color":"","overlay-opacity":"","overlay-gradient":""}},"ast-content-background-meta":{"desktop":{"background-color":"var(--ast-global-color-5)","background-image":"","background-repeat":"repeat","background-position":"center center","background-size":"auto","background-attachment":"scroll","background-type":"","background-media":"","overlay-type":"","overlay-color":"","overlay-opacity":"","overlay-gradient":""},"tablet":{"background-color":"var(--ast-global-color-5)","background-image":"","background-repeat":"repeat","background-position":"center center","background-size":"auto","background-attachment":"scroll","background-type":"","background-media":"","overlay-type":"","overlay-color":"","overlay-opacity":"","overlay-gradient":""},"mobile":{"background-color":"var(--ast-global-color-5)","background-image":"","background-repeat":"repeat","background-position":"center center","background-size":"auto","background-attachment":"scroll","background-type":"","background-media":"","overlay-type":"","overlay-color":"","overlay-opacity":"","overlay-gradient":""}},"footnotes":""},"_links":{"self":[{"href":"https:\/\/rugbybwest.be\/index.php\/wp-json\/wp\/v2\/pages\/242"}],"collection":[{"href":"https:\/\/rugbybwest.be\/index.php\/wp-json\/wp\/v2\/pages"}],"about":[{"href":"https:\/\/rugbybwest.be\/index.php\/wp-json\/wp\/v2\/types\/page"}],"author":[{"embeddable":true,"href":"https:\/\/rugbybwest.be\/index.php\/wp-json\/wp\/v2\/users\/1"}],"replies":[{"embeddable":true,"href":"https:\/\/rugbybwest.be\/index.php\/wp-json\/wp\/v2\/comments?post=242"}],"version-history":[{"count":24,"href":"https:\/\/rugbybwest.be\/index.php\/wp-json\/wp\/v2\/pages\/242\/revisions"}],"predecessor-version":[{"id":1349,"href":"https:\/\/rugbybwest.be\/index.php\/wp-json\/wp\/v2\/pages\/242\/revisions\/1349"}],"up":[{"embeddable":true,"href":"https:\/\/rugbybwest.be\/index.php\/wp-json\/wp\/v2\/pages\/11"}],"wp:attachment":[{"href":"https:\/\/rugbybwest.be\/index.php\/wp-json\/wp\/v2\/media?parent=242"}],"curies":[{"name":"wp","href":"https:\/\/api.w.org\/{rel}","templated":true}]}}